{"id":3904,"date":"2019-03-14T10:41:28","date_gmt":"2019-03-14T09:41:28","guid":{"rendered":"http:\/\/php-5.4.30.vps24.moodem.it\/adf\/?page_id=3904"},"modified":"2019-07-18T09:11:55","modified_gmt":"2019-07-18T07:11:55","slug":"termini-e-condizioni","status":"publish","type":"page","link":"https:\/\/www.adformandum.org\/si\/termini-e-condizioni\/","title":{"rendered":"Termini e condizioni d&#8217;uso sloveno"},"content":{"rendered":"<h3>A. Termini e condizioni<\/h3>\n<p>Sui materiali pubblicati sul sito www.adformandum.org la propriet\u00e0 intellettuale \u00e8 riservata. L\u2019utilizzo di materiali (in qualsiasi forma) contenuti nel sito \u00e8 sotto tutela della legge sul diritto d\u2019autore. Ne \u00e8 consentita esclusivamente la consultazione ad uso privato. Si prega di leggere queste note attentamente prima di utilizzare questo portale. Il solo fatto di accedere alle pagine del sito comporta la completa accettazione dei termini e convenzioni d\u2019uso. Se non si concorda con quanto indicato, si prega di interrompere l\u2019accesso al sito. Eventuali loghi e\/o marchi sono dei relativi proprietari.<\/p>\n<h3>B. Utilizzo delle informazioni, immagini e altri materiali<\/h3>\n<p>Il sito \u00e8 di propriet\u00e0 dell\u2019<strong>AD FORMANDUM impresa sociale \u2013 socialno podjetje<\/strong> ed \u00e8 stato sviluppato utilizzando la piattaforma \u201cWordpress\u201d nel rispetto dei termini della licenza \u201cGNU GENERAL PUBLIC LICENSE\u201d.<\/p>\n<p>Nessun materiale (foto, testi, filmati, animazioni) pu\u00f2 essere copiato, riprodotto, ripubblicato, trasmesso o distribuito in qualunque forma, ad eccezione del fatto che \u00e8 consentito prelevare a proprio esclusivo e per fini non commerciali, il materiale presente nel sito e purch\u00e9 siano mantenute intatte tutte le indicazioni di copyright e di propriet\u00e0.<br \/>\nTranne differenti specificazioni il materiale contenuto nel sito \u00e8 presentato al solo scopo di fornire informazioni sulle attivit\u00e0 dell\u2019impresa sociale; il materiale contenuto nel sito \u00e8 fornito \u201cnello stato in cui \u00e8\u201d, senza il rispetto di alcuna periodicit\u00e0 e senza alcuna garanzia implicita o esplicita.<br \/>\nNei pi\u00f9 ampi termini di legge l\u2019impresa sociale declina ogni responsabilit\u00e0 esplicita o implicita, incluso, ma non limitato, la continuit\u00e0 del servizio, la presenza di errori, la correzione degli errori, la responsabilit\u00e0 del server ospitante il sito sull\u2019eventuale presenza di virus o altri componenti informatici nocivi e dannosi.<\/p>\n<p>In nessun caso, inclusa la negligenza, l\u2019impresa sociale sar\u00e0 responsabile di ogni diretto o indiretto danno che possa risultare dall\u2019uso, o dalla incapacit\u00e0 di usare, i materiali presenti nel sito. In relazione alla specificit\u00e0 dei contenuti, tenuto conto delle finalit\u00e0 del sito che sono quelle prettamente informative sull\u2019attivit\u00e0 formativa gestita dall\u2019impresa sociale, o ad essa correlata, eventuali errori nei cataloghi dei corsi, nelle denominazioni, nei riferimenti all\u2019organizzazione dell\u2019attivit\u00e0, non costituiscono elemento provante e non potranno essere imputati all\u2019impresa sociale eventuali errori individuali correlati alla presentazione e\/o citazione di corsi, nomi, orari e contenuti.<\/p>\n<h3>C. Accesso a siti esterni collegati<\/h3>\n<p>L\u2019impresa sociale non assume alcuna responsabilit\u00e0 in ordine al contenuto dei siti a cui \u00e8 possibile accedere tramite i collegamenti posti all\u2019interno del sito stesso, forniti come semplice servizio agli utenti della rete. Il fatto che l\u2019<strong>AD FORMANDUM impresa sociale \u2013 socialno podjetje<\/strong> suggerisca questi collegamenti non implica necessariamente l\u2019approvazione del contenuto dei siti stessi, sul cui sviluppo si declina ogni responsabilit\u00e0.<\/p>\n","protected":false},"excerpt":{"rendered":"<p>A. Termini e condizioni Sui materiali pubblicati sul sito www.adformandum.org la propriet\u00e0 intellettuale \u00e8 riservata. L\u2019utilizzo di materiali (in qualsiasi forma) contenuti nel sito \u00e8 sotto tutela della legge sul diritto d\u2019autore. Ne \u00e8 consentita esclusivamente la consultazione ad uso privato. Si prega di leggere queste note attentamente prima di utilizzare questo portale. Il solo fatto [&hellip;]<\/p>\n","protected":false},"author":1,"featured_media":0,"parent":0,"menu_order":0,"comment_status":"closed","ping_status":"open","template":"","meta":{"_mi_skip_tracking":false,"_monsterinsights_sitenote_active":false,"_monsterinsights_sitenote_note":"","_monsterinsights_sitenote_category":0,"footnotes":""},"yoast_head":"<!-- This site is optimized with the Yoast SEO plugin v21.5 - https:\/\/yoast.com\/wordpress\/plugins\/seo\/ -->\n<title>Termini e condizioni d&#039;uso sloveno - AD Formandum<\/title>\n<meta name=\"robots\" content=\"index, follow, max-snippet:-1, max-image-preview:large, max-video-preview:-1\" \/>\n<link rel=\"canonical\" href=\"https:\/\/www.adformandum.org\/termini-e-condizioni\/\" \/>\n<meta property=\"og:locale\" content=\"sl_SI\" \/>\n<meta property=\"og:type\" content=\"article\" \/>\n<meta property=\"og:title\" content=\"Termini e condizioni d&#039;uso sloveno - AD Formandum\" \/>\n<meta property=\"og:description\" content=\"A. Termini e condizioni Sui materiali pubblicati sul sito www.adformandum.org la propriet\u00e0 intellettuale \u00e8 riservata. L\u2019utilizzo di materiali (in qualsiasi forma) contenuti nel sito \u00e8 sotto tutela della legge sul diritto d\u2019autore. Ne \u00e8 consentita esclusivamente la consultazione ad uso privato. Si prega di leggere queste note attentamente prima di utilizzare questo portale. Il solo fatto [&hellip;]\" \/>\n<meta property=\"og:url\" content=\"https:\/\/www.adformandum.org\/termini-e-condizioni\/\" \/>\n<meta property=\"og:site_name\" content=\"AD Formandum\" \/>\n<meta property=\"article:publisher\" content=\"https:\/\/www.facebook.com\/adformandum\/\" \/>\n<meta property=\"article:modified_time\" content=\"2019-07-18T07:11:55+00:00\" \/>\n<meta name=\"twitter:card\" content=\"summary_large_image\" \/>\n<meta name=\"twitter:site\" content=\"@AdFormandum\" \/>\n<meta name=\"twitter:label1\" content=\"Est. reading time\" \/>\n\t<meta name=\"twitter:data1\" content=\"2 minuti\" \/>\n<script type=\"application\/ld+json\" class=\"yoast-schema-graph\">{\"@context\":\"https:\/\/schema.org\",\"@graph\":[{\"@type\":\"WebPage\",\"@id\":\"https:\/\/www.adformandum.org\/termini-e-condizioni\/\",\"url\":\"https:\/\/www.adformandum.org\/termini-e-condizioni\/\",\"name\":\"Termini e condizioni d'uso sloveno - AD Formandum\",\"isPartOf\":{\"@id\":\"https:\/\/www.adformandum.org\/#website\"},\"datePublished\":\"2019-03-14T09:41:28+00:00\",\"dateModified\":\"2019-07-18T07:11:55+00:00\",\"breadcrumb\":{\"@id\":\"https:\/\/www.adformandum.org\/termini-e-condizioni\/#breadcrumb\"},\"inLanguage\":\"sl-SI\",\"potentialAction\":[{\"@type\":\"ReadAction\",\"target\":[\"https:\/\/www.adformandum.org\/termini-e-condizioni\/\"]}]},{\"@type\":\"BreadcrumbList\",\"@id\":\"https:\/\/www.adformandum.org\/termini-e-condizioni\/#breadcrumb\",\"itemListElement\":[{\"@type\":\"ListItem\",\"position\":1,\"name\":\"Home\",\"item\":\"https:\/\/www.adformandum.org\/\"},{\"@type\":\"ListItem\",\"position\":2,\"name\":\"Termini e condizioni d&#8217;uso\"}]},{\"@type\":\"WebSite\",\"@id\":\"https:\/\/www.adformandum.org\/#website\",\"url\":\"https:\/\/www.adformandum.org\/\",\"name\":\"AD Formandum\",\"description\":\"impresa sociale - socialno podjetje\",\"publisher\":{\"@id\":\"https:\/\/www.adformandum.org\/#organization\"},\"potentialAction\":[{\"@type\":\"SearchAction\",\"target\":{\"@type\":\"EntryPoint\",\"urlTemplate\":\"https:\/\/www.adformandum.org\/?s={search_term_string}\"},\"query-input\":\"required name=search_term_string\"}],\"inLanguage\":\"sl-SI\"},{\"@type\":\"Organization\",\"@id\":\"https:\/\/www.adformandum.org\/#organization\",\"name\":\"AD Formandum\",\"url\":\"https:\/\/www.adformandum.org\/\",\"logo\":{\"@type\":\"ImageObject\",\"inLanguage\":\"sl-SI\",\"@id\":\"https:\/\/www.adformandum.org\/#\/schema\/logo\/image\/\",\"url\":\"https:\/\/www.adformandum.org\/wp-content\/uploads\/2019\/06\/logo-new.png\",\"contentUrl\":\"https:\/\/www.adformandum.org\/wp-content\/uploads\/2019\/06\/logo-new.png\",\"width\":330,\"height\":65,\"caption\":\"AD Formandum\"},\"image\":{\"@id\":\"https:\/\/www.adformandum.org\/#\/schema\/logo\/image\/\"},\"sameAs\":[\"https:\/\/www.facebook.com\/adformandum\/\",\"https:\/\/twitter.com\/AdFormandum\",\"https:\/\/www.linkedin.com\/company\/ad-formandum\"]}]}<\/script>\n<!-- \/ Yoast SEO plugin. -->","yoast_head_json":{"title":"Termini e condizioni d'uso sloveno - AD Formandum","robots":{"index":"index","follow":"follow","max-snippet":"max-snippet:-1","max-image-preview":"max-image-preview:large","max-video-preview":"max-video-preview:-1"},"canonical":"https:\/\/www.adformandum.org\/termini-e-condizioni\/","og_locale":"sl_SI","og_type":"article","og_title":"Termini e condizioni d'uso sloveno - AD Formandum","og_description":"A. Termini e condizioni Sui materiali pubblicati sul sito www.adformandum.org la propriet\u00e0 intellettuale \u00e8 riservata. L\u2019utilizzo di materiali (in qualsiasi forma) contenuti nel sito \u00e8 sotto tutela della legge sul diritto d\u2019autore. Ne \u00e8 consentita esclusivamente la consultazione ad uso privato. Si prega di leggere queste note attentamente prima di utilizzare questo portale. Il solo fatto [&hellip;]","og_url":"https:\/\/www.adformandum.org\/termini-e-condizioni\/","og_site_name":"AD Formandum","article_publisher":"https:\/\/www.facebook.com\/adformandum\/","article_modified_time":"2019-07-18T07:11:55+00:00","twitter_card":"summary_large_image","twitter_site":"@AdFormandum","twitter_misc":{"Est. reading time":"2 minuti"},"schema":{"@context":"https:\/\/schema.org","@graph":[{"@type":"WebPage","@id":"https:\/\/www.adformandum.org\/termini-e-condizioni\/","url":"https:\/\/www.adformandum.org\/termini-e-condizioni\/","name":"Termini e condizioni d'uso sloveno - AD Formandum","isPartOf":{"@id":"https:\/\/www.adformandum.org\/#website"},"datePublished":"2019-03-14T09:41:28+00:00","dateModified":"2019-07-18T07:11:55+00:00","breadcrumb":{"@id":"https:\/\/www.adformandum.org\/termini-e-condizioni\/#breadcrumb"},"inLanguage":"sl-SI","potentialAction":[{"@type":"ReadAction","target":["https:\/\/www.adformandum.org\/termini-e-condizioni\/"]}]},{"@type":"BreadcrumbList","@id":"https:\/\/www.adformandum.org\/termini-e-condizioni\/#breadcrumb","itemListElement":[{"@type":"ListItem","position":1,"name":"Home","item":"https:\/\/www.adformandum.org\/"},{"@type":"ListItem","position":2,"name":"Termini e condizioni d&#8217;uso"}]},{"@type":"WebSite","@id":"https:\/\/www.adformandum.org\/#website","url":"https:\/\/www.adformandum.org\/","name":"AD Formandum","description":"impresa sociale - socialno podjetje","publisher":{"@id":"https:\/\/www.adformandum.org\/#organization"},"potentialAction":[{"@type":"SearchAction","target":{"@type":"EntryPoint","urlTemplate":"https:\/\/www.adformandum.org\/?s={search_term_string}"},"query-input":"required name=search_term_string"}],"inLanguage":"sl-SI"},{"@type":"Organization","@id":"https:\/\/www.adformandum.org\/#organization","name":"AD Formandum","url":"https:\/\/www.adformandum.org\/","logo":{"@type":"ImageObject","inLanguage":"sl-SI","@id":"https:\/\/www.adformandum.org\/#\/schema\/logo\/image\/","url":"https:\/\/www.adformandum.org\/wp-content\/uploads\/2019\/06\/logo-new.png","contentUrl":"https:\/\/www.adformandum.org\/wp-content\/uploads\/2019\/06\/logo-new.png","width":330,"height":65,"caption":"AD Formandum"},"image":{"@id":"https:\/\/www.adformandum.org\/#\/schema\/logo\/image\/"},"sameAs":["https:\/\/www.facebook.com\/adformandum\/","https:\/\/twitter.com\/AdFormandum","https:\/\/www.linkedin.com\/company\/ad-formandum"]}]}},"_links":{"self":[{"href":"https:\/\/www.adformandum.org\/si\/wp-json\/wp\/v2\/pages\/3904"}],"collection":[{"href":"https:\/\/www.adformandum.org\/si\/wp-json\/wp\/v2\/pages"}],"about":[{"href":"https:\/\/www.adformandum.org\/si\/wp-json\/wp\/v2\/types\/page"}],"author":[{"embeddable":true,"href":"https:\/\/www.adformandum.org\/si\/wp-json\/wp\/v2\/users\/1"}],"replies":[{"embeddable":true,"href":"https:\/\/www.adformandum.org\/si\/wp-json\/wp\/v2\/comments?post=3904"}],"version-history":[{"count":4,"href":"https:\/\/www.adformandum.org\/si\/wp-json\/wp\/v2\/pages\/3904\/revisions"}],"predecessor-version":[{"id":5269,"href":"https:\/\/www.adformandum.org\/si\/wp-json\/wp\/v2\/pages\/3904\/revisions\/5269"}],"wp:attachment":[{"href":"https:\/\/www.adformandum.org\/si\/wp-json\/wp\/v2\/media?parent=3904"}],"curies":[{"name":"wp","href":"https:\/\/api.w.org\/{rel}","templated":true}]}}

<h3>A. Termini e condizioni</h3>
<p>Sui materiali pubblicati sul sito www.adformandum.org la proprietà intellettuale è riservata. L’utilizzo di materiali (in qualsiasi forma) contenuti nel sito è sotto tutela della legge sul diritto d’autore. Ne è consentita esclusivamente la consultazione ad uso privato. Si prega di leggere queste note attentamente prima di utilizzare questo portale. Il solo fatto di accedere alle pagine del sito comporta la completa accettazione dei termini e convenzioni d’uso. Se non si concorda con quanto indicato, si prega di interrompere l’accesso al sito. Eventuali loghi e/o marchi sono dei relativi proprietari.</p>
<h3>B. Utilizzo delle informazioni, immagini e altri materiali</h3>
<p>Il sito è di proprietà dell’<strong>AD FORMANDUM impresa sociale – socialno podjetje</strong> ed è stato sviluppato utilizzando la piattaforma “Wordpress” nel rispetto dei termini della licenza “GNU GENERAL PUBLIC LICENSE”.</p>
<p>Nessun materiale (foto, testi, filmati, animazioni) può essere copiato, riprodotto, ripubblicato, trasmesso o distribuito in qualunque forma, ad eccezione del fatto che è consentito prelevare a proprio esclusivo e per fini non commerciali, il materiale presente nel sito e purché siano mantenute intatte tutte le indicazioni di copyright e di proprietà.<br />
Tranne differenti specificazioni il materiale contenuto nel sito è presentato al solo scopo di fornire informazioni sulle attività dell’impresa sociale; il materiale contenuto nel sito è fornito “nello stato in cui è”, senza il rispetto di alcuna periodicità e senza alcuna garanzia implicita o esplicita.<br />
Nei più ampi termini di legge l’impresa sociale declina ogni responsabilità esplicita o implicita, incluso, ma non limitato, la continuità del servizio, la presenza di errori, la correzione degli errori, la responsabilità del server ospitante il sito sull’eventuale presenza di virus o altri componenti informatici nocivi e dannosi.</p>
<p>In nessun caso, inclusa la negligenza, l’impresa sociale sarà responsabile di ogni diretto o indiretto danno che possa risultare dall’uso, o dalla incapacità di usare, i materiali presenti nel sito. In relazione alla specificità dei contenuti, tenuto conto delle finalità del sito che sono quelle prettamente informative sull’attività formativa gestita dall’impresa sociale, o ad essa correlata, eventuali errori nei cataloghi dei corsi, nelle denominazioni, nei riferimenti all’organizzazione dell’attività, non costituiscono elemento provante e non potranno essere imputati all’impresa sociale eventuali errori individuali correlati alla presentazione e/o citazione di corsi, nomi, orari e contenuti.</p>
<h3>C. Accesso a siti esterni collegati</h3>
<p>L’impresa sociale non assume alcuna responsabilità in ordine al contenuto dei siti a cui è possibile accedere tramite i collegamenti posti all’interno del sito stesso, forniti come semplice servizio agli utenti della rete. Il fatto che l’<strong>AD FORMANDUM impresa sociale – socialno podjetje</strong> suggerisca questi collegamenti non implica necessariamente l’approvazione del contenuto dei siti stessi, sul cui sviluppo si declina ogni responsabilità.</p>

<p>A. Termini e condizioni Sui materiali pubblicati sul sito www.adformandum.org la proprietà intellettuale è riservata. L’utilizzo di materiali (in qualsiasi forma) contenuti nel sito è sotto tutela della legge sul diritto d’autore. Ne è consentita esclusivamente la consultazione ad uso privato. Si prega di leggere queste note attentamente prima di utilizzare questo portale. Il solo fatto [&hellip;]</p>

<!-- This site is optimized with the Yoast SEO plugin v21.5 - https://yoast.com/wordpress/plugins/seo/ -->
<title>Termini e condizioni d&#039;uso sloveno - AD Formandum</title>
<meta name="robots" content="index, follow, max-snippet:-1, max-image-preview:large, max-video-preview:-1" />
<link rel="canonical" href="https://www.adformandum.org/termini-e-condizioni/" />
<meta property="og:locale" content="sl_SI" />
<meta property="og:type" content="article" />
<meta property="og:title" content="Termini e condizioni d&#039;uso sloveno - AD Formandum" />
<meta property="og:description" content="A. Termini e condizioni Sui materiali pubblicati sul sito www.adformandum.org la proprietà intellettuale è riservata. L’utilizzo di materiali (in qualsiasi forma) contenuti nel sito è sotto tutela della legge sul diritto d’autore. Ne è consentita esclusivamente la consultazione ad uso privato. Si prega di leggere queste note attentamente prima di utilizzare questo portale. Il solo fatto [&hellip;]" />
<meta property="og:url" content="https://www.adformandum.org/termini-e-condizioni/" />
<meta property="og:site_name" content="AD Formandum" />
<meta property="article:publisher" content="https://www.facebook.com/adformandum/" />
<meta property="article:modified_time" content="2019-07-18T07:11:55+00:00" />
<meta name="twitter:card" content="summary_large_image" />
<meta name="twitter:site" content="@AdFormandum" />
<meta name="twitter:label1" content="Est. reading time" />
	<meta name="twitter:data1" content="2 minuti" />
<script type="application/ld+json" class="yoast-schema-graph">{"@context":"https://schema.org","@graph":[{"@type":"WebPage","@id":"https://www.adformandum.org/termini-e-condizioni/","url":"https://www.adformandum.org/termini-e-condizioni/","name":"Termini e condizioni d'uso sloveno - AD Formandum","isPartOf":{"@id":"https://www.adformandum.org/#website"},"datePublished":"2019-03-14T09:41:28+00:00","dateModified":"2019-07-18T07:11:55+00:00","breadcrumb":{"@id":"https://www.adformandum.org/termini-e-condizioni/#breadcrumb"},"inLanguage":"sl-SI","potentialAction":[{"@type":"ReadAction","target":["https://www.adformandum.org/termini-e-condizioni/"]}]},{"@type":"BreadcrumbList","@id":"https://www.adformandum.org/termini-e-condizioni/#breadcrumb","itemListElement":[{"@type":"ListItem","position":1,"name":"Home","item":"https://www.adformandum.org/"},{"@type":"ListItem","position":2,"name":"Termini e condizioni d&#8217;uso"}]},{"@type":"WebSite","@id":"https://www.adformandum.org/#website","url":"https://www.adformandum.org/","name":"AD Formandum","description":"impresa sociale - socialno podjetje","publisher":{"@id":"https://www.adformandum.org/#organization"},"potentialAction":[{"@type":"SearchAction","target":{"@type":"EntryPoint","urlTemplate":"https://www.adformandum.org/?s={search_term_string}"},"query-input":"required name=search_term_string"}],"inLanguage":"sl-SI"},{"@type":"Organization","@id":"https://www.adformandum.org/#organization","name":"AD Formandum","url":"https://www.adformandum.org/","logo":{"@type":"ImageObject","inLanguage":"sl-SI","@id":"https://www.adformandum.org/#/schema/logo/image/","url":"https://www.adformandum.org/wp-content/uploads/2019/06/logo-new.png","contentUrl":"https://www.adformandum.org/wp-content/uploads/2019/06/logo-new.png","width":330,"height":65,"caption":"AD Formandum"},"image":{"@id":"https://www.adformandum.org/#/schema/logo/image/"},"sameAs":["https://www.facebook.com/adformandum/","https://twitter.com/AdFormandum","https://www.linkedin.com/company/ad-formandum"]}]}</script>
<!-- / Yoast SEO plugin. -->

A. Termini e condizioni Sui materiali pubblicati sul sito www.adformandum.org la proprietà intellettuale è riservata. L’utilizzo di materiali (in qualsiasi forma) contenuti nel sito è sotto tutela della legge sul diritto d’autore. Ne è consentita esclusivamente la consultazione ad uso privato. Si prega di leggere queste note attentamente prima di utilizzare questo portale. Il solo fatto [&hellip;]
