{"id":5012,"date":"2019-06-10T09:36:28","date_gmt":"2019-06-10T07:36:28","guid":{"rendered":"http:\/\/php-5.4.30.vps24.moodem.it\/adf\/?page_id=5012"},"modified":"2019-07-18T09:07:58","modified_gmt":"2019-07-18T07:07:58","slug":"adf-history","status":"publish","type":"page","link":"https:\/\/www.adformandum.org\/si\/info\/adf-history\/","title":{"rendered":"Zgodovina"},"content":{"rendered":"<p>[vc_row row_content_width=&#8221;grid&#8221; css=&#8221;.vc_custom_1561545629181{padding-top: 50px !important;padding-bottom: 50px !important;}&#8221;][vc_column offset=&#8221;vc_col-lg-6 vc_col-md-12 vc_col-xs-12&#8243;][vc_column_text]<strong>AD FORMANDUM<\/strong> nadaljuje tradicijo Slovenskega de\u017eelnega zavoda za poklicno izobra\u017eevanje, ki je bil ustanovljen v Trstu leta 1979. Z njim so podpirali izobra\u017eevanje in razvoj znanja in kompetenc vseh, ki \u017eivijo in delajo na obmo\u010dju slovenske narodnostne skupnosti v Furlaniji \u2013 Julijski krajini.<\/p>\n<p>V svoji tridesetletni zgodovini se je zavod spremenil v solidno izobra\u017eevalno agencijo, ki je danes tudi agencija za delo in je prisotna v pokrajinah Trsta in Gorice. Agencija ponuja izobra\u017eevalne storitve, za katere so zna\u010dilne kakovost, pozornost, ob\u010dutljivost in anga\u017eiranost. Od drugih zavodov v de\u017eeli pa se razlikuje tudi po tem, da posluje v slovenskem jeziku.[\/vc_column_text][vc_empty_space height=&#8221;20px&#8221;][vc_column_text]<\/p>\n<h3>Danes si predstavljamo <span style=\"color: #ff5a0a;\">prihodnost<\/span>, ki sloni na vrednosti posameznikov.<\/h3>\n<p>Pomembno je, da posamezniki razvijejo sposobnost izra\u017eanja svoje nadarjenosti in ji tako pove\u010dajo vrednost. To je mogo\u010de z izobra\u017eevalnimi procesi <strong>AD FORMANDUMA<\/strong>, za katere je certificirano in akreditirano.[\/vc_column_text][\/vc_column][vc_column offset=&#8221;vc_col-lg-6 vc_col-md-12 vc_col-xs-12&#8243;][vc_empty_space height=&#8221;20px&#8221;][vc_single_image image=&#8221;5181&#8243; img_size=&#8221;full&#8221;][\/vc_column][\/vc_row]<\/p>\n","protected":false},"excerpt":{"rendered":"<p>[vc_row row_content_width=&#8221;grid&#8221; css=&#8221;.vc_custom_1561545629181{padding-top: 50px !important;padding-bottom: 50px !important;}&#8221;][vc_column offset=&#8221;vc_col-lg-6 vc_col-md-12 vc_col-xs-12&#8243;][vc_column_text]AD FORMANDUM nadaljuje tradicijo Slovenskega de\u017eelnega zavoda za poklicno izobra\u017eevanje, ki je bil ustanovljen v Trstu leta 1979. Z njim so podpirali izobra\u017eevanje in razvoj znanja in kompetenc vseh, ki \u017eivijo in delajo na obmo\u010dju slovenske narodnostne skupnosti v Furlaniji \u2013 Julijski krajini. V svoji tridesetletni zgodovini [&hellip;]<\/p>\n","protected":false},"author":1,"featured_media":0,"parent":4366,"menu_order":0,"comment_status":"closed","ping_status":"closed","template":"full-width.php","meta":{"_mi_skip_tracking":false,"_monsterinsights_sitenote_active":false,"_monsterinsights_sitenote_note":"","_monsterinsights_sitenote_category":0,"footnotes":""},"yoast_head":"<!-- This site is optimized with the Yoast SEO plugin v21.5 - https:\/\/yoast.com\/wordpress\/plugins\/seo\/ -->\n<title>Zgodovina - AD Formandum<\/title>\n<meta name=\"robots\" content=\"index, follow, max-snippet:-1, max-image-preview:large, max-video-preview:-1\" \/>\n<link rel=\"canonical\" href=\"https:\/\/www.adformandum.org\/si\/info\/adf-history\/\" \/>\n<meta property=\"og:locale\" content=\"sl_SI\" \/>\n<meta property=\"og:type\" content=\"article\" \/>\n<meta property=\"og:title\" content=\"Zgodovina - AD Formandum\" \/>\n<meta property=\"og:description\" content=\"[vc_row row_content_width=&#8221;grid&#8221; css=&#8221;.vc_custom_1561545629181{padding-top: 50px !important;padding-bottom: 50px !important;}&#8221;][vc_column offset=&#8221;vc_col-lg-6 vc_col-md-12 vc_col-xs-12&#8243;][vc_column_text]AD FORMANDUM nadaljuje tradicijo Slovenskega de\u017eelnega zavoda za poklicno izobra\u017eevanje, ki je bil ustanovljen v Trstu leta 1979. Z njim so podpirali izobra\u017eevanje in razvoj znanja in kompetenc vseh, ki \u017eivijo in delajo na obmo\u010dju slovenske narodnostne skupnosti v Furlaniji \u2013 Julijski krajini. V svoji tridesetletni zgodovini [&hellip;]\" \/>\n<meta property=\"og:url\" content=\"https:\/\/www.adformandum.org\/si\/info\/adf-history\/\" \/>\n<meta property=\"og:site_name\" content=\"AD Formandum\" \/>\n<meta property=\"article:publisher\" content=\"https:\/\/www.facebook.com\/adformandum\/\" \/>\n<meta property=\"article:modified_time\" content=\"2019-07-18T07:07:58+00:00\" \/>\n<meta name=\"twitter:card\" content=\"summary_large_image\" \/>\n<meta name=\"twitter:site\" content=\"@AdFormandum\" \/>\n<meta name=\"twitter:label1\" content=\"Est. reading time\" \/>\n\t<meta name=\"twitter:data1\" content=\"1 minuta\" \/>\n<script type=\"application\/ld+json\" class=\"yoast-schema-graph\">{\"@context\":\"https:\/\/schema.org\",\"@graph\":[{\"@type\":\"WebPage\",\"@id\":\"https:\/\/www.adformandum.org\/si\/info\/adf-history\/\",\"url\":\"https:\/\/www.adformandum.org\/si\/info\/adf-history\/\",\"name\":\"Zgodovina - AD Formandum\",\"isPartOf\":{\"@id\":\"https:\/\/www.adformandum.org\/#website\"},\"datePublished\":\"2019-06-10T07:36:28+00:00\",\"dateModified\":\"2019-07-18T07:07:58+00:00\",\"breadcrumb\":{\"@id\":\"https:\/\/www.adformandum.org\/si\/info\/adf-history\/#breadcrumb\"},\"inLanguage\":\"sl-SI\",\"potentialAction\":[{\"@type\":\"ReadAction\",\"target\":[\"https:\/\/www.adformandum.org\/si\/info\/adf-history\/\"]}]},{\"@type\":\"BreadcrumbList\",\"@id\":\"https:\/\/www.adformandum.org\/si\/info\/adf-history\/#breadcrumb\",\"itemListElement\":[{\"@type\":\"ListItem\",\"position\":1,\"name\":\"Home\",\"item\":\"https:\/\/www.adformandum.org\/\"},{\"@type\":\"ListItem\",\"position\":2,\"name\":\"Chi siamo\",\"item\":\"https:\/\/www.adformandum.org\/info\/\"},{\"@type\":\"ListItem\",\"position\":3,\"name\":\"Zgodovina\"}]},{\"@type\":\"WebSite\",\"@id\":\"https:\/\/www.adformandum.org\/#website\",\"url\":\"https:\/\/www.adformandum.org\/\",\"name\":\"AD Formandum\",\"description\":\"impresa sociale - socialno podjetje\",\"publisher\":{\"@id\":\"https:\/\/www.adformandum.org\/#organization\"},\"potentialAction\":[{\"@type\":\"SearchAction\",\"target\":{\"@type\":\"EntryPoint\",\"urlTemplate\":\"https:\/\/www.adformandum.org\/?s={search_term_string}\"},\"query-input\":\"required name=search_term_string\"}],\"inLanguage\":\"sl-SI\"},{\"@type\":\"Organization\",\"@id\":\"https:\/\/www.adformandum.org\/#organization\",\"name\":\"AD Formandum\",\"url\":\"https:\/\/www.adformandum.org\/\",\"logo\":{\"@type\":\"ImageObject\",\"inLanguage\":\"sl-SI\",\"@id\":\"https:\/\/www.adformandum.org\/#\/schema\/logo\/image\/\",\"url\":\"https:\/\/www.adformandum.org\/wp-content\/uploads\/2019\/06\/logo-new.png\",\"contentUrl\":\"https:\/\/www.adformandum.org\/wp-content\/uploads\/2019\/06\/logo-new.png\",\"width\":330,\"height\":65,\"caption\":\"AD Formandum\"},\"image\":{\"@id\":\"https:\/\/www.adformandum.org\/#\/schema\/logo\/image\/\"},\"sameAs\":[\"https:\/\/www.facebook.com\/adformandum\/\",\"https:\/\/twitter.com\/AdFormandum\",\"https:\/\/www.linkedin.com\/company\/ad-formandum\"]}]}<\/script>\n<!-- \/ Yoast SEO plugin. -->","yoast_head_json":{"title":"Zgodovina - AD Formandum","robots":{"index":"index","follow":"follow","max-snippet":"max-snippet:-1","max-image-preview":"max-image-preview:large","max-video-preview":"max-video-preview:-1"},"canonical":"https:\/\/www.adformandum.org\/si\/info\/adf-history\/","og_locale":"sl_SI","og_type":"article","og_title":"Zgodovina - AD Formandum","og_description":"[vc_row row_content_width=&#8221;grid&#8221; css=&#8221;.vc_custom_1561545629181{padding-top: 50px !important;padding-bottom: 50px !important;}&#8221;][vc_column offset=&#8221;vc_col-lg-6 vc_col-md-12 vc_col-xs-12&#8243;][vc_column_text]AD FORMANDUM nadaljuje tradicijo Slovenskega de\u017eelnega zavoda za poklicno izobra\u017eevanje, ki je bil ustanovljen v Trstu leta 1979. Z njim so podpirali izobra\u017eevanje in razvoj znanja in kompetenc vseh, ki \u017eivijo in delajo na obmo\u010dju slovenske narodnostne skupnosti v Furlaniji \u2013 Julijski krajini. V svoji tridesetletni zgodovini [&hellip;]","og_url":"https:\/\/www.adformandum.org\/si\/info\/adf-history\/","og_site_name":"AD Formandum","article_publisher":"https:\/\/www.facebook.com\/adformandum\/","article_modified_time":"2019-07-18T07:07:58+00:00","twitter_card":"summary_large_image","twitter_site":"@AdFormandum","twitter_misc":{"Est. reading time":"1 minuta"},"schema":{"@context":"https:\/\/schema.org","@graph":[{"@type":"WebPage","@id":"https:\/\/www.adformandum.org\/si\/info\/adf-history\/","url":"https:\/\/www.adformandum.org\/si\/info\/adf-history\/","name":"Zgodovina - AD Formandum","isPartOf":{"@id":"https:\/\/www.adformandum.org\/#website"},"datePublished":"2019-06-10T07:36:28+00:00","dateModified":"2019-07-18T07:07:58+00:00","breadcrumb":{"@id":"https:\/\/www.adformandum.org\/si\/info\/adf-history\/#breadcrumb"},"inLanguage":"sl-SI","potentialAction":[{"@type":"ReadAction","target":["https:\/\/www.adformandum.org\/si\/info\/adf-history\/"]}]},{"@type":"BreadcrumbList","@id":"https:\/\/www.adformandum.org\/si\/info\/adf-history\/#breadcrumb","itemListElement":[{"@type":"ListItem","position":1,"name":"Home","item":"https:\/\/www.adformandum.org\/"},{"@type":"ListItem","position":2,"name":"Chi siamo","item":"https:\/\/www.adformandum.org\/info\/"},{"@type":"ListItem","position":3,"name":"Zgodovina"}]},{"@type":"WebSite","@id":"https:\/\/www.adformandum.org\/#website","url":"https:\/\/www.adformandum.org\/","name":"AD Formandum","description":"impresa sociale - socialno podjetje","publisher":{"@id":"https:\/\/www.adformandum.org\/#organization"},"potentialAction":[{"@type":"SearchAction","target":{"@type":"EntryPoint","urlTemplate":"https:\/\/www.adformandum.org\/?s={search_term_string}"},"query-input":"required name=search_term_string"}],"inLanguage":"sl-SI"},{"@type":"Organization","@id":"https:\/\/www.adformandum.org\/#organization","name":"AD Formandum","url":"https:\/\/www.adformandum.org\/","logo":{"@type":"ImageObject","inLanguage":"sl-SI","@id":"https:\/\/www.adformandum.org\/#\/schema\/logo\/image\/","url":"https:\/\/www.adformandum.org\/wp-content\/uploads\/2019\/06\/logo-new.png","contentUrl":"https:\/\/www.adformandum.org\/wp-content\/uploads\/2019\/06\/logo-new.png","width":330,"height":65,"caption":"AD Formandum"},"image":{"@id":"https:\/\/www.adformandum.org\/#\/schema\/logo\/image\/"},"sameAs":["https:\/\/www.facebook.com\/adformandum\/","https:\/\/twitter.com\/AdFormandum","https:\/\/www.linkedin.com\/company\/ad-formandum"]}]}},"_links":{"self":[{"href":"https:\/\/www.adformandum.org\/si\/wp-json\/wp\/v2\/pages\/5012"}],"collection":[{"href":"https:\/\/www.adformandum.org\/si\/wp-json\/wp\/v2\/pages"}],"about":[{"href":"https:\/\/www.adformandum.org\/si\/wp-json\/wp\/v2\/types\/page"}],"author":[{"embeddable":true,"href":"https:\/\/www.adformandum.org\/si\/wp-json\/wp\/v2\/users\/1"}],"replies":[{"embeddable":true,"href":"https:\/\/www.adformandum.org\/si\/wp-json\/wp\/v2\/comments?post=5012"}],"version-history":[{"count":5,"href":"https:\/\/www.adformandum.org\/si\/wp-json\/wp\/v2\/pages\/5012\/revisions"}],"predecessor-version":[{"id":5182,"href":"https:\/\/www.adformandum.org\/si\/wp-json\/wp\/v2\/pages\/5012\/revisions\/5182"}],"up":[{"embeddable":true,"href":"https:\/\/www.adformandum.org\/si\/wp-json\/wp\/v2\/pages\/4366"}],"wp:attachment":[{"href":"https:\/\/www.adformandum.org\/si\/wp-json\/wp\/v2\/media?parent=5012"}],"curies":[{"name":"wp","href":"https:\/\/api.w.org\/{rel}","templated":true}]}}

<p>[vc_row row_content_width=&#8221;grid&#8221; css=&#8221;.vc_custom_1561545629181{padding-top: 50px !important;padding-bottom: 50px !important;}&#8221;][vc_column offset=&#8221;vc_col-lg-6 vc_col-md-12 vc_col-xs-12&#8243;][vc_column_text]<strong>AD FORMANDUM</strong> nadaljuje tradicijo Slovenskega deželnega zavoda za poklicno izobraževanje, ki je bil ustanovljen v Trstu leta 1979. Z njim so podpirali izobraževanje in razvoj znanja in kompetenc vseh, ki živijo in delajo na območju slovenske narodnostne skupnosti v Furlaniji – Julijski krajini.</p>
<p>V svoji tridesetletni zgodovini se je zavod spremenil v solidno izobraževalno agencijo, ki je danes tudi agencija za delo in je prisotna v pokrajinah Trsta in Gorice. Agencija ponuja izobraževalne storitve, za katere so značilne kakovost, pozornost, občutljivost in angažiranost. Od drugih zavodov v deželi pa se razlikuje tudi po tem, da posluje v slovenskem jeziku.[/vc_column_text][vc_empty_space height=&#8221;20px&#8221;][vc_column_text]</p>
<h3>Danes si predstavljamo <span style="color: #ff5a0a;">prihodnost</span>, ki sloni na vrednosti posameznikov.</h3>
<p>Pomembno je, da posamezniki razvijejo sposobnost izražanja svoje nadarjenosti in ji tako povečajo vrednost. To je mogoče z izobraževalnimi procesi <strong>AD FORMANDUMA</strong>, za katere je certificirano in akreditirano.[/vc_column_text][/vc_column][vc_column offset=&#8221;vc_col-lg-6 vc_col-md-12 vc_col-xs-12&#8243;][vc_empty_space height=&#8221;20px&#8221;][vc_single_image image=&#8221;5181&#8243; img_size=&#8221;full&#8221;][/vc_column][/vc_row]</p>

<p>[vc_row row_content_width=&#8221;grid&#8221; css=&#8221;.vc_custom_1561545629181{padding-top: 50px !important;padding-bottom: 50px !important;}&#8221;][vc_column offset=&#8221;vc_col-lg-6 vc_col-md-12 vc_col-xs-12&#8243;][vc_column_text]AD FORMANDUM nadaljuje tradicijo Slovenskega deželnega zavoda za poklicno izobraževanje, ki je bil ustanovljen v Trstu leta 1979. Z njim so podpirali izobraževanje in razvoj znanja in kompetenc vseh, ki živijo in delajo na območju slovenske narodnostne skupnosti v Furlaniji – Julijski krajini. V svoji tridesetletni zgodovini [&hellip;]</p>

<!-- This site is optimized with the Yoast SEO plugin v21.5 - https://yoast.com/wordpress/plugins/seo/ -->
<title>Zgodovina - AD Formandum</title>
<meta name="robots" content="index, follow, max-snippet:-1, max-image-preview:large, max-video-preview:-1" />
<link rel="canonical" href="https://www.adformandum.org/si/info/adf-history/" />
<meta property="og:locale" content="sl_SI" />
<meta property="og:type" content="article" />
<meta property="og:title" content="Zgodovina - AD Formandum" />
<meta property="og:description" content="[vc_row row_content_width=&#8221;grid&#8221; css=&#8221;.vc_custom_1561545629181{padding-top: 50px !important;padding-bottom: 50px !important;}&#8221;][vc_column offset=&#8221;vc_col-lg-6 vc_col-md-12 vc_col-xs-12&#8243;][vc_column_text]AD FORMANDUM nadaljuje tradicijo Slovenskega deželnega zavoda za poklicno izobraževanje, ki je bil ustanovljen v Trstu leta 1979. Z njim so podpirali izobraževanje in razvoj znanja in kompetenc vseh, ki živijo in delajo na območju slovenske narodnostne skupnosti v Furlaniji – Julijski krajini. V svoji tridesetletni zgodovini [&hellip;]" />
<meta property="og:url" content="https://www.adformandum.org/si/info/adf-history/" />
<meta property="og:site_name" content="AD Formandum" />
<meta property="article:publisher" content="https://www.facebook.com/adformandum/" />
<meta property="article:modified_time" content="2019-07-18T07:07:58+00:00" />
<meta name="twitter:card" content="summary_large_image" />
<meta name="twitter:site" content="@AdFormandum" />
<meta name="twitter:label1" content="Est. reading time" />
	<meta name="twitter:data1" content="1 minuta" />
<script type="application/ld+json" class="yoast-schema-graph">{"@context":"https://schema.org","@graph":[{"@type":"WebPage","@id":"https://www.adformandum.org/si/info/adf-history/","url":"https://www.adformandum.org/si/info/adf-history/","name":"Zgodovina - AD Formandum","isPartOf":{"@id":"https://www.adformandum.org/#website"},"datePublished":"2019-06-10T07:36:28+00:00","dateModified":"2019-07-18T07:07:58+00:00","breadcrumb":{"@id":"https://www.adformandum.org/si/info/adf-history/#breadcrumb"},"inLanguage":"sl-SI","potentialAction":[{"@type":"ReadAction","target":["https://www.adformandum.org/si/info/adf-history/"]}]},{"@type":"BreadcrumbList","@id":"https://www.adformandum.org/si/info/adf-history/#breadcrumb","itemListElement":[{"@type":"ListItem","position":1,"name":"Home","item":"https://www.adformandum.org/"},{"@type":"ListItem","position":2,"name":"Chi siamo","item":"https://www.adformandum.org/info/"},{"@type":"ListItem","position":3,"name":"Zgodovina"}]},{"@type":"WebSite","@id":"https://www.adformandum.org/#website","url":"https://www.adformandum.org/","name":"AD Formandum","description":"impresa sociale - socialno podjetje","publisher":{"@id":"https://www.adformandum.org/#organization"},"potentialAction":[{"@type":"SearchAction","target":{"@type":"EntryPoint","urlTemplate":"https://www.adformandum.org/?s={search_term_string}"},"query-input":"required name=search_term_string"}],"inLanguage":"sl-SI"},{"@type":"Organization","@id":"https://www.adformandum.org/#organization","name":"AD Formandum","url":"https://www.adformandum.org/","logo":{"@type":"ImageObject","inLanguage":"sl-SI","@id":"https://www.adformandum.org/#/schema/logo/image/","url":"https://www.adformandum.org/wp-content/uploads/2019/06/logo-new.png","contentUrl":"https://www.adformandum.org/wp-content/uploads/2019/06/logo-new.png","width":330,"height":65,"caption":"AD Formandum"},"image":{"@id":"https://www.adformandum.org/#/schema/logo/image/"},"sameAs":["https://www.facebook.com/adformandum/","https://twitter.com/AdFormandum","https://www.linkedin.com/company/ad-formandum"]}]}</script>
<!-- / Yoast SEO plugin. -->

[vc_row row_content_width=&#8221;grid&#8221; css=&#8221;.vc_custom_1561545629181{padding-top: 50px !important;padding-bottom: 50px !important;}&#8221;][vc_column offset=&#8221;vc_col-lg-6 vc_col-md-12 vc_col-xs-12&#8243;][vc_column_text]AD FORMANDUM nadaljuje tradicijo Slovenskega deželnega zavoda za poklicno izobraževanje, ki je bil ustanovljen v Trstu leta 1979. Z njim so podpirali izobraževanje in razvoj znanja in kompetenc vseh, ki živijo in delajo na območju slovenske narodnostne skupnosti v Furlaniji – Julijski krajini. V svoji tridesetletni zgodovini [&hellip;]
