{"id":5397,"date":"2019-07-10T12:41:44","date_gmt":"2019-07-10T10:41:44","guid":{"rendered":"http:\/\/php-5.4.30.vps24.moodem.it\/adf\/?page_id=5397"},"modified":"2019-09-16T16:08:42","modified_gmt":"2019-09-16T14:08:42","slug":"inclusione-sociale","status":"publish","type":"page","link":"https:\/\/www.adformandum.org\/si\/inclusione-sociale\/","title":{"rendered":"Socialno vklju\u010devanje"},"content":{"rendered":"<p>[vc_row row_content_width=&#8221;grid&#8221; css=&#8221;.vc_custom_1562755124532{padding-top: 100px !important;padding-bottom: 100px !important;}&#8221;][vc_column offset=&#8221;vc_col-lg-offset-2 vc_col-lg-8&#8243;][vc_column_text]<\/p>\n<h5 style=\"text-align: center;\">Temeljni cilj te\u010dajev je socialna in delovna integracija ljudi v stanju \u0161ibkosti in prikraj\u0161anosti zaradi fizi\u010dnih, socialnih ali drugih razlogov.<\/h5>\n<p style=\"text-align: center;\">Politike usposabljanja, usmerjanja in ponovne vklju\u010ditve v svet dela, namenjene uporabnikom, ki so v socialno neugodnem polo\u017eaju in\/ali invalidnosti, potrebujejo posebne metodologije in orodja za spremljanje in ocenjevanje u\u010dinkovitosti in njihovega realnega u\u010dinka. Isto velja za usposabljanja, organizacije in vrednotenja sistemov, ki obravnavajo to posebno tipologijo uporabnikov storitev.<\/p>\n<p>[\/vc_column_text][vc_empty_space height=&#8221;30px&#8221;][\/vc_column][\/vc_row][vc_row row_content_width=&#8221;grid&#8221; css=&#8221;.vc_custom_1563350919628{padding-top: 70px !important;padding-bottom: 100px !important;}&#8221; simple_background_color=&#8221;#f7f7f7&#8243;][vc_column][vc_column_text css=&#8221;.vc_custom_1562667145720{padding-bottom: 30px !important;}&#8221;]<\/p>\n<h3 style=\"text-align: center;\">NA\u0160I TE\u010cAJI ZA TVOJO PRIHODNOST<\/h3>\n<p>[\/vc_column_text]<div class=\"eltdf-course-list-holder eltdf-grid-list eltdf-disable-bottom-space clearfix eltdf-cl-gallery eltdf-two-columns eltdf-large-space eltdf-cl-standard eltdf-cl-pag-no-pagination      \"  data-number-of-columns=two data-space-between-items=large data-number-of-items=2 data-enable-image=yes data-image-proportions=full data-category=inclusione-sociale data-orderby=date data-order=ASC data-item-layout=standard data-enable-title=yes data-title-tag=h4 data-enable-instructor=no data-enable-price=yes data-enable-excerpt=yes data-excerpt-length=200 data-enable-students=no data-enable-category=no data-category-boxed=yes data-enable-ratings=no data-pagination-type=no-pagination data-filter=no data-filter-order-by=name data-enable-article-animation=no data-course-slider-on=no data-enable-loop=yes data-enable-autoplay=yes data-slider-speed=5000 data-slider-speed-animation=600 data-enable-navigation=yes data-enable-pagination=yes data-widget=no data-filter-center=no data-max-num-pages=0 data-next-page=2>\n\t\t\t<div class=\"eltdf-cl-inner eltdf-outer-space \">\n\t\t<p class=\"eltdf-cl-not-found\">Te\u010daje izvajamo v italijanskem jeziku<\/p>\t<\/div>\n\t\n\t<\/div>[\/vc_column][\/vc_row]<\/p>\n","protected":false},"excerpt":{"rendered":"<p>[vc_row row_content_width=&#8221;grid&#8221; css=&#8221;.vc_custom_1562755124532{padding-top: 100px !important;padding-bottom: 100px !important;}&#8221;][vc_column offset=&#8221;vc_col-lg-offset-2 vc_col-lg-8&#8243;][vc_column_text] Temeljni cilj te\u010dajev je socialna in delovna integracija ljudi v stanju \u0161ibkosti in prikraj\u0161anosti zaradi fizi\u010dnih, socialnih ali drugih razlogov. Politike usposabljanja, usmerjanja in ponovne vklju\u010ditve v svet dela, namenjene uporabnikom, ki so v socialno neugodnem polo\u017eaju in\/ali invalidnosti, potrebujejo posebne metodologije in orodja za spremljanje in [&hellip;]<\/p>\n","protected":false},"author":1,"featured_media":0,"parent":0,"menu_order":0,"comment_status":"closed","ping_status":"closed","template":"full-width.php","meta":{"_mi_skip_tracking":false,"_monsterinsights_sitenote_active":false,"_monsterinsights_sitenote_note":"","_monsterinsights_sitenote_category":0,"footnotes":""},"yoast_head":"<!-- This site is optimized with the Yoast SEO plugin v21.5 - https:\/\/yoast.com\/wordpress\/plugins\/seo\/ -->\n<title>Corsi di inclusione sociale - AD Formandum<\/title>\n<meta name=\"description\" content=\"Obiettivo fondamentale dei corsi \u00e8 l\u2019integrazione sociale e lavorativa delle persone in condizione di debolezza e svantaggio per ragioni fisiche, sociali o di altra tipologia. Cosi di floricoltura, cucina e ristorazione, contabilit\u00e0...\" \/>\n<meta name=\"robots\" content=\"index, follow, max-snippet:-1, max-image-preview:large, max-video-preview:-1\" \/>\n<link rel=\"canonical\" href=\"https:\/\/www.adformandum.org\/inclusione-sociale\/\" \/>\n<meta property=\"og:locale\" content=\"sl_SI\" \/>\n<meta property=\"og:type\" content=\"article\" \/>\n<meta property=\"og:title\" content=\"Corsi di inclusione sociale - AD Formandum\" \/>\n<meta property=\"og:description\" content=\"Obiettivo fondamentale dei corsi \u00e8 l\u2019integrazione sociale e lavorativa delle persone in condizione di debolezza e svantaggio per ragioni fisiche, sociali o di altra tipologia. Cosi di floricoltura, cucina e ristorazione, contabilit\u00e0...\" \/>\n<meta property=\"og:url\" content=\"https:\/\/www.adformandum.org\/inclusione-sociale\/\" \/>\n<meta property=\"og:site_name\" content=\"AD Formandum\" \/>\n<meta property=\"article:publisher\" content=\"https:\/\/www.facebook.com\/adformandum\/\" \/>\n<meta property=\"article:modified_time\" content=\"2019-09-16T14:08:42+00:00\" \/>\n<meta name=\"twitter:card\" content=\"summary_large_image\" \/>\n<meta name=\"twitter:site\" content=\"@AdFormandum\" \/>\n<meta name=\"twitter:label1\" content=\"Est. reading time\" \/>\n\t<meta name=\"twitter:data1\" content=\"1 minuta\" \/>\n<script type=\"application\/ld+json\" class=\"yoast-schema-graph\">{\"@context\":\"https:\/\/schema.org\",\"@graph\":[{\"@type\":\"WebPage\",\"@id\":\"https:\/\/www.adformandum.org\/inclusione-sociale\/\",\"url\":\"https:\/\/www.adformandum.org\/inclusione-sociale\/\",\"name\":\"Corsi di inclusione sociale - AD Formandum\",\"isPartOf\":{\"@id\":\"https:\/\/www.adformandum.org\/#website\"},\"datePublished\":\"2019-07-10T10:41:44+00:00\",\"dateModified\":\"2019-09-16T14:08:42+00:00\",\"description\":\"Obiettivo fondamentale dei corsi \u00e8 l\u2019integrazione sociale e lavorativa delle persone in condizione di debolezza e svantaggio per ragioni fisiche, sociali o di altra tipologia. Cosi di floricoltura, cucina e ristorazione, contabilit\u00e0...\",\"breadcrumb\":{\"@id\":\"https:\/\/www.adformandum.org\/inclusione-sociale\/#breadcrumb\"},\"inLanguage\":\"sl-SI\",\"potentialAction\":[{\"@type\":\"ReadAction\",\"target\":[\"https:\/\/www.adformandum.org\/inclusione-sociale\/\"]}]},{\"@type\":\"BreadcrumbList\",\"@id\":\"https:\/\/www.adformandum.org\/inclusione-sociale\/#breadcrumb\",\"itemListElement\":[{\"@type\":\"ListItem\",\"position\":1,\"name\":\"Home\",\"item\":\"https:\/\/www.adformandum.org\/\"},{\"@type\":\"ListItem\",\"position\":2,\"name\":\"Inclusione sociale\"}]},{\"@type\":\"WebSite\",\"@id\":\"https:\/\/www.adformandum.org\/#website\",\"url\":\"https:\/\/www.adformandum.org\/\",\"name\":\"AD Formandum\",\"description\":\"impresa sociale - socialno podjetje\",\"publisher\":{\"@id\":\"https:\/\/www.adformandum.org\/#organization\"},\"potentialAction\":[{\"@type\":\"SearchAction\",\"target\":{\"@type\":\"EntryPoint\",\"urlTemplate\":\"https:\/\/www.adformandum.org\/?s={search_term_string}\"},\"query-input\":\"required name=search_term_string\"}],\"inLanguage\":\"sl-SI\"},{\"@type\":\"Organization\",\"@id\":\"https:\/\/www.adformandum.org\/#organization\",\"name\":\"AD Formandum\",\"url\":\"https:\/\/www.adformandum.org\/\",\"logo\":{\"@type\":\"ImageObject\",\"inLanguage\":\"sl-SI\",\"@id\":\"https:\/\/www.adformandum.org\/#\/schema\/logo\/image\/\",\"url\":\"https:\/\/www.adformandum.org\/wp-content\/uploads\/2019\/06\/logo-new.png\",\"contentUrl\":\"https:\/\/www.adformandum.org\/wp-content\/uploads\/2019\/06\/logo-new.png\",\"width\":330,\"height\":65,\"caption\":\"AD Formandum\"},\"image\":{\"@id\":\"https:\/\/www.adformandum.org\/#\/schema\/logo\/image\/\"},\"sameAs\":[\"https:\/\/www.facebook.com\/adformandum\/\",\"https:\/\/twitter.com\/AdFormandum\",\"https:\/\/www.linkedin.com\/company\/ad-formandum\"]}]}<\/script>\n<!-- \/ Yoast SEO plugin. -->","yoast_head_json":{"title":"Corsi di inclusione sociale - AD Formandum","description":"Obiettivo fondamentale dei corsi \u00e8 l\u2019integrazione sociale e lavorativa delle persone in condizione di debolezza e svantaggio per ragioni fisiche, sociali o di altra tipologia. Cosi di floricoltura, cucina e ristorazione, contabilit\u00e0...","robots":{"index":"index","follow":"follow","max-snippet":"max-snippet:-1","max-image-preview":"max-image-preview:large","max-video-preview":"max-video-preview:-1"},"canonical":"https:\/\/www.adformandum.org\/inclusione-sociale\/","og_locale":"sl_SI","og_type":"article","og_title":"Corsi di inclusione sociale - AD Formandum","og_description":"Obiettivo fondamentale dei corsi \u00e8 l\u2019integrazione sociale e lavorativa delle persone in condizione di debolezza e svantaggio per ragioni fisiche, sociali o di altra tipologia. Cosi di floricoltura, cucina e ristorazione, contabilit\u00e0...","og_url":"https:\/\/www.adformandum.org\/inclusione-sociale\/","og_site_name":"AD Formandum","article_publisher":"https:\/\/www.facebook.com\/adformandum\/","article_modified_time":"2019-09-16T14:08:42+00:00","twitter_card":"summary_large_image","twitter_site":"@AdFormandum","twitter_misc":{"Est. reading time":"1 minuta"},"schema":{"@context":"https:\/\/schema.org","@graph":[{"@type":"WebPage","@id":"https:\/\/www.adformandum.org\/inclusione-sociale\/","url":"https:\/\/www.adformandum.org\/inclusione-sociale\/","name":"Corsi di inclusione sociale - AD Formandum","isPartOf":{"@id":"https:\/\/www.adformandum.org\/#website"},"datePublished":"2019-07-10T10:41:44+00:00","dateModified":"2019-09-16T14:08:42+00:00","description":"Obiettivo fondamentale dei corsi \u00e8 l\u2019integrazione sociale e lavorativa delle persone in condizione di debolezza e svantaggio per ragioni fisiche, sociali o di altra tipologia. Cosi di floricoltura, cucina e ristorazione, contabilit\u00e0...","breadcrumb":{"@id":"https:\/\/www.adformandum.org\/inclusione-sociale\/#breadcrumb"},"inLanguage":"sl-SI","potentialAction":[{"@type":"ReadAction","target":["https:\/\/www.adformandum.org\/inclusione-sociale\/"]}]},{"@type":"BreadcrumbList","@id":"https:\/\/www.adformandum.org\/inclusione-sociale\/#breadcrumb","itemListElement":[{"@type":"ListItem","position":1,"name":"Home","item":"https:\/\/www.adformandum.org\/"},{"@type":"ListItem","position":2,"name":"Inclusione sociale"}]},{"@type":"WebSite","@id":"https:\/\/www.adformandum.org\/#website","url":"https:\/\/www.adformandum.org\/","name":"AD Formandum","description":"impresa sociale - socialno podjetje","publisher":{"@id":"https:\/\/www.adformandum.org\/#organization"},"potentialAction":[{"@type":"SearchAction","target":{"@type":"EntryPoint","urlTemplate":"https:\/\/www.adformandum.org\/?s={search_term_string}"},"query-input":"required name=search_term_string"}],"inLanguage":"sl-SI"},{"@type":"Organization","@id":"https:\/\/www.adformandum.org\/#organization","name":"AD Formandum","url":"https:\/\/www.adformandum.org\/","logo":{"@type":"ImageObject","inLanguage":"sl-SI","@id":"https:\/\/www.adformandum.org\/#\/schema\/logo\/image\/","url":"https:\/\/www.adformandum.org\/wp-content\/uploads\/2019\/06\/logo-new.png","contentUrl":"https:\/\/www.adformandum.org\/wp-content\/uploads\/2019\/06\/logo-new.png","width":330,"height":65,"caption":"AD Formandum"},"image":{"@id":"https:\/\/www.adformandum.org\/#\/schema\/logo\/image\/"},"sameAs":["https:\/\/www.facebook.com\/adformandum\/","https:\/\/twitter.com\/AdFormandum","https:\/\/www.linkedin.com\/company\/ad-formandum"]}]}},"_links":{"self":[{"href":"https:\/\/www.adformandum.org\/si\/wp-json\/wp\/v2\/pages\/5397"}],"collection":[{"href":"https:\/\/www.adformandum.org\/si\/wp-json\/wp\/v2\/pages"}],"about":[{"href":"https:\/\/www.adformandum.org\/si\/wp-json\/wp\/v2\/types\/page"}],"author":[{"embeddable":true,"href":"https:\/\/www.adformandum.org\/si\/wp-json\/wp\/v2\/users\/1"}],"replies":[{"embeddable":true,"href":"https:\/\/www.adformandum.org\/si\/wp-json\/wp\/v2\/comments?post=5397"}],"version-history":[{"count":13,"href":"https:\/\/www.adformandum.org\/si\/wp-json\/wp\/v2\/pages\/5397\/revisions"}],"predecessor-version":[{"id":5673,"href":"https:\/\/www.adformandum.org\/si\/wp-json\/wp\/v2\/pages\/5397\/revisions\/5673"}],"wp:attachment":[{"href":"https:\/\/www.adformandum.org\/si\/wp-json\/wp\/v2\/media?parent=5397"}],"curies":[{"name":"wp","href":"https:\/\/api.w.org\/{rel}","templated":true}]}}

Socialno vključevanje

<p>[vc_row row_content_width=&#8221;grid&#8221; css=&#8221;.vc_custom_1562755124532{padding-top: 100px !important;padding-bottom: 100px !important;}&#8221;][vc_column offset=&#8221;vc_col-lg-offset-2 vc_col-lg-8&#8243;][vc_column_text]</p>
<h5 style="text-align: center;">Temeljni cilj tečajev je socialna in delovna integracija ljudi v stanju šibkosti in prikrajšanosti zaradi fizičnih, socialnih ali drugih razlogov.</h5>
<p style="text-align: center;">Politike usposabljanja, usmerjanja in ponovne vključitve v svet dela, namenjene uporabnikom, ki so v socialno neugodnem položaju in/ali invalidnosti, potrebujejo posebne metodologije in orodja za spremljanje in ocenjevanje učinkovitosti in njihovega realnega učinka. Isto velja za usposabljanja, organizacije in vrednotenja sistemov, ki obravnavajo to posebno tipologijo uporabnikov storitev.</p>
<p>[/vc_column_text][vc_empty_space height=&#8221;30px&#8221;][/vc_column][/vc_row][vc_row row_content_width=&#8221;grid&#8221; css=&#8221;.vc_custom_1563350919628{padding-top: 70px !important;padding-bottom: 100px !important;}&#8221; simple_background_color=&#8221;#f7f7f7&#8243;][vc_column][vc_column_text css=&#8221;.vc_custom_1562667145720{padding-bottom: 30px !important;}&#8221;]</p>
<h3 style="text-align: center;">NAŠI TEČAJI ZA TVOJO PRIHODNOST</h3>
<p>[/vc_column_text]<div class="eltdf-course-list-holder eltdf-grid-list eltdf-disable-bottom-space clearfix eltdf-cl-gallery eltdf-two-columns eltdf-large-space eltdf-cl-standard eltdf-cl-pag-no-pagination      "  data-number-of-columns=two data-space-between-items=large data-number-of-items=2 data-enable-image=yes data-image-proportions=full data-category=inclusione-sociale data-orderby=date data-order=ASC data-item-layout=standard data-enable-title=yes data-title-tag=h4 data-enable-instructor=no data-enable-price=yes data-enable-excerpt=yes data-excerpt-length=200 data-enable-students=no data-enable-category=no data-category-boxed=yes data-enable-ratings=no data-pagination-type=no-pagination data-filter=no data-filter-order-by=name data-enable-article-animation=no data-course-slider-on=no data-enable-loop=yes data-enable-autoplay=yes data-slider-speed=5000 data-slider-speed-animation=600 data-enable-navigation=yes data-enable-pagination=yes data-widget=no data-filter-center=no data-max-num-pages=0 data-next-page=2>
			<div class="eltdf-cl-inner eltdf-outer-space ">
		<p class="eltdf-cl-not-found">Tečaje izvajamo v italijanskem jeziku</p>	</div>
	
	</div>[/vc_column][/vc_row]</p>

<p>[vc_row row_content_width=&#8221;grid&#8221; css=&#8221;.vc_custom_1562755124532{padding-top: 100px !important;padding-bottom: 100px !important;}&#8221;][vc_column offset=&#8221;vc_col-lg-offset-2 vc_col-lg-8&#8243;][vc_column_text] Temeljni cilj tečajev je socialna in delovna integracija ljudi v stanju šibkosti in prikrajšanosti zaradi fizičnih, socialnih ali drugih razlogov. Politike usposabljanja, usmerjanja in ponovne vključitve v svet dela, namenjene uporabnikom, ki so v socialno neugodnem položaju in/ali invalidnosti, potrebujejo posebne metodologije in orodja za spremljanje in [&hellip;]</p>

<!-- This site is optimized with the Yoast SEO plugin v21.5 - https://yoast.com/wordpress/plugins/seo/ -->
<title>Corsi di inclusione sociale - AD Formandum</title>
<meta name="description" content="Obiettivo fondamentale dei corsi è l’integrazione sociale e lavorativa delle persone in condizione di debolezza e svantaggio per ragioni fisiche, sociali o di altra tipologia. Cosi di floricoltura, cucina e ristorazione, contabilità..." />
<meta name="robots" content="index, follow, max-snippet:-1, max-image-preview:large, max-video-preview:-1" />
<link rel="canonical" href="https://www.adformandum.org/inclusione-sociale/" />
<meta property="og:locale" content="sl_SI" />
<meta property="og:type" content="article" />
<meta property="og:title" content="Corsi di inclusione sociale - AD Formandum" />
<meta property="og:description" content="Obiettivo fondamentale dei corsi è l’integrazione sociale e lavorativa delle persone in condizione di debolezza e svantaggio per ragioni fisiche, sociali o di altra tipologia. Cosi di floricoltura, cucina e ristorazione, contabilità..." />
<meta property="og:url" content="https://www.adformandum.org/inclusione-sociale/" />
<meta property="og:site_name" content="AD Formandum" />
<meta property="article:publisher" content="https://www.facebook.com/adformandum/" />
<meta property="article:modified_time" content="2019-09-16T14:08:42+00:00" />
<meta name="twitter:card" content="summary_large_image" />
<meta name="twitter:site" content="@AdFormandum" />
<meta name="twitter:label1" content="Est. reading time" />
	<meta name="twitter:data1" content="1 minuta" />
<script type="application/ld+json" class="yoast-schema-graph">{"@context":"https://schema.org","@graph":[{"@type":"WebPage","@id":"https://www.adformandum.org/inclusione-sociale/","url":"https://www.adformandum.org/inclusione-sociale/","name":"Corsi di inclusione sociale - AD Formandum","isPartOf":{"@id":"https://www.adformandum.org/#website"},"datePublished":"2019-07-10T10:41:44+00:00","dateModified":"2019-09-16T14:08:42+00:00","description":"Obiettivo fondamentale dei corsi è l’integrazione sociale e lavorativa delle persone in condizione di debolezza e svantaggio per ragioni fisiche, sociali o di altra tipologia. Cosi di floricoltura, cucina e ristorazione, contabilità...","breadcrumb":{"@id":"https://www.adformandum.org/inclusione-sociale/#breadcrumb"},"inLanguage":"sl-SI","potentialAction":[{"@type":"ReadAction","target":["https://www.adformandum.org/inclusione-sociale/"]}]},{"@type":"BreadcrumbList","@id":"https://www.adformandum.org/inclusione-sociale/#breadcrumb","itemListElement":[{"@type":"ListItem","position":1,"name":"Home","item":"https://www.adformandum.org/"},{"@type":"ListItem","position":2,"name":"Inclusione sociale"}]},{"@type":"WebSite","@id":"https://www.adformandum.org/#website","url":"https://www.adformandum.org/","name":"AD Formandum","description":"impresa sociale - socialno podjetje","publisher":{"@id":"https://www.adformandum.org/#organization"},"potentialAction":[{"@type":"SearchAction","target":{"@type":"EntryPoint","urlTemplate":"https://www.adformandum.org/?s={search_term_string}"},"query-input":"required name=search_term_string"}],"inLanguage":"sl-SI"},{"@type":"Organization","@id":"https://www.adformandum.org/#organization","name":"AD Formandum","url":"https://www.adformandum.org/","logo":{"@type":"ImageObject","inLanguage":"sl-SI","@id":"https://www.adformandum.org/#/schema/logo/image/","url":"https://www.adformandum.org/wp-content/uploads/2019/06/logo-new.png","contentUrl":"https://www.adformandum.org/wp-content/uploads/2019/06/logo-new.png","width":330,"height":65,"caption":"AD Formandum"},"image":{"@id":"https://www.adformandum.org/#/schema/logo/image/"},"sameAs":["https://www.facebook.com/adformandum/","https://twitter.com/AdFormandum","https://www.linkedin.com/company/ad-formandum"]}]}</script>
<!-- / Yoast SEO plugin. -->

Obiettivo fondamentale dei corsi è l’integrazione sociale e lavorativa delle persone in condizione di debolezza e svantaggio per ragioni fisiche, sociali o di altra tipologia. Cosi di floricoltura, cucina e ristorazione, contabilità...
